{"id":2629,"date":"2024-06-26T17:40:12","date_gmt":"2024-06-26T17:40:12","guid":{"rendered":"https:\/\/inoacmty.info\/?page_id=2629"},"modified":"2024-07-19T20:52:15","modified_gmt":"2024-07-19T20:52:15","slug":"tutoriales-y-comunicaciones-de-sistemas-de-gestion-iso","status":"publish","type":"page","link":"https:\/\/inoacmty.info\/index.php\/tutoriales-y-comunicaciones-de-sistemas-de-gestion-iso\/","title":{"rendered":"Videos del Departamento de Sistemas de Gesti\u00f3n (Oficina de ISO)"},"content":{"rendered":"\n<p style=\"font-size:40px\"><strong>Videos del Departamento de Sistemas de Gesti\u00f3n (Oficina de ISO)<\/strong><\/p>\n\n\n\n<div class=\"wp-block-media-text alignwide is-stacked-on-mobile\" style=\"grid-template-columns:40% auto\"><figure class=\"wp-block-media-text__media\"><video controls src=\"https:\/\/inoacmty.info\/wp-content\/uploads\/2024\/06\/Como-contestar-una-SAC-1.mp4\"><\/video><\/figure><div class=\"wp-block-media-text__content\">\n<p style=\"font-size:30px\">ISC10 Generaci\u00f3n y contestaci\u00f3n de SAC<\/p>\n<\/div><\/div>\n\n\n\n<div class=\"wp-block-media-text alignwide is-stacked-on-mobile\" style=\"grid-template-columns:40% auto\"><figure class=\"wp-block-media-text__media\"><video controls src=\"https:\/\/inoacmty.info\/wp-content\/uploads\/2024\/06\/Como-llenar-el-indicador-ISR04-2.mp4\"><\/video><\/figure><div class=\"wp-block-media-text__content\">\n<p style=\"font-size:30px\">ISC11 Llenado de reportes KPI\/PPI (ISR04)<\/p>\n<\/div><\/div>\n\n\n\n<div class=\"wp-block-media-text alignwide is-stacked-on-mobile\" style=\"grid-template-columns:40% auto\"><figure class=\"wp-block-media-text__media\"><video controls src=\"https:\/\/inoacmty.info\/wp-content\/uploads\/2024\/06\/Documentacion-controlada-en-piso-2.mp4\"><\/video><\/figure><div class=\"wp-block-media-text__content\">\n<p style=\"font-size:30px\">ISC12 Documentaci\u00f3n controlada en piso <\/p>\n<\/div><\/div>\n\n\n\n<div class=\"wp-block-media-text alignwide is-stacked-on-mobile\" style=\"grid-template-columns:40% auto\"><figure class=\"wp-block-media-text__media\"><video controls src=\"https:\/\/inoacmty.info\/wp-content\/uploads\/2024\/06\/Introduccion-a-SISTIN-1.mp4\"><\/video><\/figure><div class=\"wp-block-media-text__content\">\n<p style=\"font-size:30px\">ISC13 Curso de SISTIN<\/p>\n<\/div><\/div>\n\n\n\n<div class=\"wp-block-media-text alignwide is-stacked-on-mobile\" style=\"grid-template-columns:40% auto\"><figure class=\"wp-block-media-text__media\"><video controls src=\"https:\/\/inoacmty.info\/wp-content\/uploads\/2024\/06\/Verificaciones-de-folios-SAC-y-NC-1.mp4\"><\/video><\/figure><div class=\"wp-block-media-text__content\">\n<p style=\"font-size:30px\">ISC14 Verificaci\u00f3n de folios SAC y NC<\/p>\n<\/div><\/div>\n\n\n\n<div class=\"wp-block-media-text alignwide is-stacked-on-mobile\" style=\"grid-template-columns:40% auto\"><figure class=\"wp-block-media-text__media\"><video controls src=\"https:\/\/inoacmty.info\/wp-content\/uploads\/2024\/07\/Reforzamiento-Politica-IPM-2024.mp4\"><\/video><\/figure><div class=\"wp-block-media-text__content\">\n<p style=\"font-size:30px\">ISC15 Reforzamiento de Pol\u00edtica y Objetivos de IPM<\/p>\n<\/div><\/div>\n\n\n\n<p><\/p>\n","protected":false},"excerpt":{"rendered":"<p>Videos del Departamento de Sistemas de Gesti\u00f3n (Oficina de ISO) ISC10 Generaci\u00f3n y contestaci\u00f3n de SAC ISC11 Llenado de reportes KPI\/PPI (ISR04) ISC12 Documentaci\u00f3n controlada en piso ISC13 Curso de SISTIN ISC14 Verificaci\u00f3n de folios SAC y NC ISC15 Reforzamiento de Pol\u00edtica y Objetivos de IPM<\/p>\n","protected":false},"author":10,"featured_media":0,"parent":0,"menu_order":0,"comment_status":"closed","ping_status":"closed","template":"","meta":[],"_links":{"self":[{"href":"https:\/\/inoacmty.info\/index.php\/wp-json\/wp\/v2\/pages\/2629"}],"collection":[{"href":"https:\/\/inoacmty.info\/index.php\/wp-json\/wp\/v2\/pages"}],"about":[{"href":"https:\/\/inoacmty.info\/index.php\/wp-json\/wp\/v2\/types\/page"}],"author":[{"embeddable":true,"href":"https:\/\/inoacmty.info\/index.php\/wp-json\/wp\/v2\/users\/10"}],"replies":[{"embeddable":true,"href":"https:\/\/inoacmty.info\/index.php\/wp-json\/wp\/v2\/comments?post=2629"}],"version-history":[{"count":17,"href":"https:\/\/inoacmty.info\/index.php\/wp-json\/wp\/v2\/pages\/2629\/revisions"}],"predecessor-version":[{"id":3122,"href":"https:\/\/inoacmty.info\/index.php\/wp-json\/wp\/v2\/pages\/2629\/revisions\/3122"}],"wp:attachment":[{"href":"https:\/\/inoacmty.info\/index.php\/wp-json\/wp\/v2\/media?parent=2629"}],"curies":[{"name":"wp","href":"https:\/\/api.w.org\/{rel}","templated":true}]}}