{"id":2928,"date":"2024-07-02T21:40:48","date_gmt":"2024-07-02T21:40:48","guid":{"rendered":"https:\/\/inoacmty.info\/?page_id=2928"},"modified":"2026-04-13T16:01:16","modified_gmt":"2026-04-13T16:01:16","slug":"capacitacion-curso-de-seguridad-maquina-horizontal-bsr","status":"publish","type":"page","link":"https:\/\/inoacmty.info\/index.php\/capacitacion-curso-de-seguridad-maquina-horizontal-bsr\/","title":{"rendered":"CAPACITACI\u00d3N: Cursos de Maquinas Horizontales 2,3,4 y 7 BSR"},"content":{"rendered":"\n<p> <strong>Curso de Seguridad Materialista Roll Cutter<\/strong><\/p>\n\n\n\n<figure class=\"wp-block-video\"><video controls src=\"https:\/\/inoacmty.info\/wp-content\/uploads\/2025\/03\/ITS-MATERIALISTA-ROLL-CUTTER.mp4\"><\/video><\/figure>\n\n\n\n<p> Link de Examen  <br><a href=\"https:\/\/forms.office.com\/r\/vjucjxjiLv\" data-type=\"URL\" data-id=\"https:\/\/forms.office.com\/r\/vjucjxjiLv\">https:\/\/forms.office.com\/r\/vjucjxjiLv<\/a> <\/p>\n\n\n\n<p><\/p>\n\n\n\n<p> <\/p>\n\n\n\n<p><strong>Curso de Seguridad Horizontal 2,3,4 y 7<\/strong><\/p>\n\n\n\n<figure class=\"wp-block-video\"><video controls src=\"https:\/\/inoacmty.info\/wp-content\/uploads\/2026\/04\/01.-Curso-de-seguridad-Maquinas-Horizontales-23-4-y-7.mp4\"><\/video><\/figure>\n\n\n\n<p>Link de examen<br><a href=\"https:\/\/forms.office.com\/r\/sJKQ4X1XHu\" data-type=\"URL\" data-id=\"https:\/\/forms.office.com\/r\/sJKQ4X1XHu\">https:\/\/forms.office.com\/r\/sJKQ4X1XHu<\/a><\/p>\n\n\n\n<p> <\/p>\n\n\n\n<p>  <strong>Curso de Seguridad Horizontal 6 CARRUSEL<\/strong><\/p>\n\n\n\n<figure class=\"wp-block-video\"><video controls src=\"https:\/\/inoacmty.info\/wp-content\/uploads\/2024\/10\/Curso-de-seguridad-Maq.-Carrusel-1-3.mp4\"><\/video><\/figure>\n\n\n\n<p>Link de Examen<br><a href=\"https:\/\/forms.cloud.microsoft\/r\/MPdeSXdAn7\" data-type=\"URL\" data-id=\"https:\/\/forms.cloud.microsoft\/r\/MPdeSXdAn7\">https:\/\/forms.cloud.microsoft\/r\/MPdeSXdAn7<\/a><\/p>\n\n\n\n<p><\/p>\n\n\n\n<p><strong>Curso de Operaci\u00f3n Horizontal 2,3 y 4 <\/strong><\/p>\n\n\n\n<figure class=\"wp-block-video\"><video controls src=\"https:\/\/inoacmty.info\/wp-content\/uploads\/2025\/08\/Operacion-H2H3-Y-H4.mp4\"><\/video><\/figure>\n\n\n\n<p>Examen F\u00edsico<\/p>\n\n\n\n<p> <strong>Curso de Mantenimiento Horizontal 2,3 y 4 <\/strong> <\/p>\n\n\n\n<figure class=\"wp-block-video\"><video controls src=\"https:\/\/inoacmty.info\/wp-content\/uploads\/2025\/08\/Mant-Autonomo-H2H3H4.mp4\"><\/video><\/figure>\n\n\n\n<p> Examen F\u00edsico <\/p>\n\n\n\n<p><\/p>\n\n\n\n<p><strong>FPI Buenas Practicas en \u00c1rea de Procesos<\/strong><br>Link de Examen<br><a href=\"https:\/\/forms.cloud.microsoft\/r\/aycvWc8u3b\" data-type=\"URL\" data-id=\"https:\/\/forms.cloud.microsoft\/r\/aycvWc8u3b\">https:\/\/forms.cloud.microsoft\/r\/aycvWc8u3b<\/a><\/p>\n","protected":false},"excerpt":{"rendered":"<p>Curso de Seguridad Materialista Roll Cutter Link de Examen https:\/\/forms.office.com\/r\/vjucjxjiLv Curso de Seguridad Horizontal 2,3,4 y 7 Link de examenhttps:\/\/forms.office.com\/r\/sJKQ4X1XHu Curso de Seguridad Horizontal 6 CARRUSEL Link de Examenhttps:\/\/forms.cloud.microsoft\/r\/MPdeSXdAn7 Curso de Operaci\u00f3n Horizontal 2,3 y 4 Examen F\u00edsico Curso de Mantenimiento Horizontal 2,3 y 4 Examen F\u00edsico FPI Buenas Practicas en \u00c1rea de ProcesosLink de &hellip; <\/p>\n<p class=\"link-more\"><a href=\"https:\/\/inoacmty.info\/index.php\/capacitacion-curso-de-seguridad-maquina-horizontal-bsr\/\" class=\"more-link\">Continuar leyendo<span class=\"screen-reader-text\"> \u00abCAPACITACI\u00d3N: Cursos de Maquinas Horizontales 2,3,4 y 7 BSR\u00bb<\/span><\/a><\/p>\n","protected":false},"author":8,"featured_media":0,"parent":0,"menu_order":0,"comment_status":"closed","ping_status":"closed","template":"","meta":[],"_links":{"self":[{"href":"https:\/\/inoacmty.info\/index.php\/wp-json\/wp\/v2\/pages\/2928"}],"collection":[{"href":"https:\/\/inoacmty.info\/index.php\/wp-json\/wp\/v2\/pages"}],"about":[{"href":"https:\/\/inoacmty.info\/index.php\/wp-json\/wp\/v2\/types\/page"}],"author":[{"embeddable":true,"href":"https:\/\/inoacmty.info\/index.php\/wp-json\/wp\/v2\/users\/8"}],"replies":[{"embeddable":true,"href":"https:\/\/inoacmty.info\/index.php\/wp-json\/wp\/v2\/comments?post=2928"}],"version-history":[{"count":11,"href":"https:\/\/inoacmty.info\/index.php\/wp-json\/wp\/v2\/pages\/2928\/revisions"}],"predecessor-version":[{"id":6538,"href":"https:\/\/inoacmty.info\/index.php\/wp-json\/wp\/v2\/pages\/2928\/revisions\/6538"}],"wp:attachment":[{"href":"https:\/\/inoacmty.info\/index.php\/wp-json\/wp\/v2\/media?parent=2928"}],"curies":[{"name":"wp","href":"https:\/\/api.w.org\/{rel}","templated":true}]}}