{"id":4467,"date":"2025-06-19T23:38:06","date_gmt":"2025-06-19T23:38:06","guid":{"rendered":"https:\/\/inoacmty.info\/?page_id=4467"},"modified":"2026-04-01T16:03:12","modified_gmt":"2026-04-01T16:03:12","slug":"recursos-humanos","status":"publish","type":"page","link":"https:\/\/inoacmty.info\/index.php\/recursos-humanos\/","title":{"rendered":"Recursos Humanos"},"content":{"rendered":"\n<p class=\"has-black-color has-text-color\">A continuaci\u00f3n, se presenta una serie de <strong>registros  <\/strong>que permitir\u00e1n al personal <strong>acceder de manera r\u00e1pida y centralizada a la informaci\u00f3n que pueda necesitar<\/strong>.<\/p>\n\n\n\n<hr class=\"wp-block-separator is-style-dots\"\/>\n\n\n\n<div class=\"wp-block-columns\">\n<div class=\"wp-block-column\">\n<figure class=\"wp-block-gallery columns-1 is-cropped\"><ul class=\"blocks-gallery-grid\"><li class=\"blocks-gallery-item\"><figure><img loading=\"lazy\" width=\"1024\" height=\"814\" src=\"https:\/\/inoacmty.info\/wp-content\/uploads\/2025\/06\/2-1024x814.jpeg\" alt=\"\" data-id=\"5322\" data-full-url=\"https:\/\/inoacmty.info\/wp-content\/uploads\/2025\/06\/2.jpeg\" data-link=\"https:\/\/inoacmty.info\/?attachment_id=5322\" class=\"wp-image-5322\" srcset=\"https:\/\/inoacmty.info\/wp-content\/uploads\/2025\/06\/2-1024x814.jpeg 1024w, https:\/\/inoacmty.info\/wp-content\/uploads\/2025\/06\/2-300x238.jpeg 300w, https:\/\/inoacmty.info\/wp-content\/uploads\/2025\/06\/2-768x610.jpeg 768w, https:\/\/inoacmty.info\/wp-content\/uploads\/2025\/06\/2.jpeg 1080w\" sizes=\"(max-width: 706px) 89vw, (max-width: 767px) 82vw, 740px\" \/><\/figure><\/li><\/ul><figcaption class=\"blocks-gallery-caption\">\u00bfTe perdiste alg\u00fan evento reciente?<br>En esta secci\u00f3n podr\u00e1s <strong>ver las fotos y registros de las actividades, celebraciones y encuentros<\/strong> que hemos vivido en la empresa.<\/figcaption><\/figure>\n\n\n\n<div class=\"wp-block-group\"><div class=\"wp-block-group__inner-container\">\n<div class=\"wp-block-columns are-vertically-aligned-top\">\n<div class=\"wp-block-column is-vertically-aligned-top\" style=\"flex-basis:100%\">\n<div class=\"wp-block-group\"><div class=\"wp-block-group__inner-container\">\n<div class=\"wp-block-columns are-vertically-aligned-top\">\n<div class=\"wp-block-column is-vertically-aligned-top\" style=\"flex-basis:100%\">\n<div class=\"wp-block-group\"><div class=\"wp-block-group__inner-container\">\n<div class=\"wp-block-columns\">\n<div class=\"wp-block-column\" style=\"flex-basis:100%\">\n<div class=\"wp-block-group\"><div class=\"wp-block-group__inner-container\">\n<div class=\"wp-block-buttons is-content-justification-center\">\n<div class=\"wp-block-button has-custom-width wp-block-button__width-100 is-style-outline\"><a class=\"wp-block-button__link has-white-color has-text-color has-background\" href=\"https:\/\/www.facebook.com\/people\/Inoac-Monterrey\/61569420481239\/\" style=\"background:linear-gradient(135deg,rgb(6,9,229) 0%,rgb(186,224,82) 100%)\" target=\"_blank\" rel=\"noreferrer noopener\">\ud83d\udc49 Haz clic <\/a><\/div>\n<\/div>\n<\/div><\/div>\n<\/div>\n<\/div>\n<\/div><\/div>\n<\/div>\n<\/div>\n<\/div><\/div>\n<\/div>\n<\/div>\n<\/div><\/div>\n<\/div>\n\n\n\n<div class=\"wp-block-column\">\n<figure class=\"wp-block-gallery columns-1 is-cropped\"><ul class=\"blocks-gallery-grid\"><li class=\"blocks-gallery-item\"><figure><img loading=\"lazy\" width=\"1024\" height=\"687\" src=\"https:\/\/inoacmty.info\/wp-content\/uploads\/2025\/06\/PORTAL-DEL-EMPLEADO-1024x687.png\" alt=\"\" data-id=\"5361\" data-full-url=\"https:\/\/inoacmty.info\/wp-content\/uploads\/2025\/06\/PORTAL-DEL-EMPLEADO.png\" data-link=\"https:\/\/inoacmty.info\/index.php\/recursos-humanos\/portal-del-empleado\/\" class=\"wp-image-5361\" srcset=\"https:\/\/inoacmty.info\/wp-content\/uploads\/2025\/06\/PORTAL-DEL-EMPLEADO-1024x687.png 1024w, https:\/\/inoacmty.info\/wp-content\/uploads\/2025\/06\/PORTAL-DEL-EMPLEADO-300x201.png 300w, https:\/\/inoacmty.info\/wp-content\/uploads\/2025\/06\/PORTAL-DEL-EMPLEADO-768x515.png 768w, https:\/\/inoacmty.info\/wp-content\/uploads\/2025\/06\/PORTAL-DEL-EMPLEADO.png 1030w\" sizes=\"(max-width: 706px) 89vw, (max-width: 767px) 82vw, 740px\" \/><\/figure><\/li><\/ul><\/figure>\n\n\n\n<p class=\"has-text-align-center\"><strong>Portal del empleado<\/strong><\/p>\n\n\n\n<p class=\"has-text-align-center has-small-font-size\">Accede a tus recibos de n\u00f3mina, vacaciones, tiempo extra y m\u00e1s.<\/p>\n\n\n\n<div class=\"wp-block-buttons is-content-justification-center\">\n<div class=\"wp-block-button is-style-outline\"><a class=\"wp-block-button__link has-white-color has-text-color has-background\" href=\"https:\/\/inoacmty.info\/index.php\/instrucciones-para-el-modulo-de-nominas\/\" style=\"border-radius:50px;background:linear-gradient(135deg,rgb(6,36,229) 0%,rgb(224,224,82) 100%)\" target=\"_blank\" rel=\"noreferrer noopener\">Ver m\u00e1s detalles<\/a><\/div>\n<\/div>\n<\/div>\n\n\n\n<div class=\"wp-block-column\">\n<figure class=\"wp-block-gallery columns-1 is-cropped\"><ul class=\"blocks-gallery-grid\"><li class=\"blocks-gallery-item\"><figure><img loading=\"lazy\" width=\"522\" height=\"389\" src=\"https:\/\/inoacmty.info\/wp-content\/uploads\/2025\/06\/2-1.png\" alt=\"\" data-id=\"5326\" data-full-url=\"https:\/\/inoacmty.info\/wp-content\/uploads\/2025\/06\/2-1.png\" data-link=\"https:\/\/inoacmty.info\/?attachment_id=5326\" class=\"wp-image-5326\" srcset=\"https:\/\/inoacmty.info\/wp-content\/uploads\/2025\/06\/2-1.png 522w, https:\/\/inoacmty.info\/wp-content\/uploads\/2025\/06\/2-1-300x224.png 300w\" sizes=\"(max-width: 522px) 100vw, 522px\" \/><\/figure><\/li><\/ul><\/figure>\n\n\n\n<p class=\"has-text-align-center\"><strong>Recibos de n\u00f3mina<\/strong><\/p>\n\n\n\n<p class=\"has-text-align-center has-small-font-size\">Si tu correo ha cambiado, aseg\u00farate de actualizarlo para seguir recibiendo tus recibos de n\u00f3mina de manera correcta.<\/p>\n\n\n\n<div class=\"wp-block-buttons is-content-justification-center\">\n<div class=\"wp-block-button is-style-outline\"><a class=\"wp-block-button__link has-white-color has-text-color has-background\" href=\"https:\/\/inoacmty.info\/index.php\/recibo-de-nomina-digital\/\" style=\"border-radius:50px;background:linear-gradient(135deg,rgb(2,50,131) 0%,rgb(245,252,39) 100%)\" target=\"_blank\" rel=\"noreferrer noopener\">Descubre m\u00e1s<\/a><\/div>\n<\/div>\n<\/div>\n<\/div>\n\n\n\n<hr class=\"wp-block-separator has-text-color has-background has-black-background-color has-black-color is-style-dots\"\/>\n\n\n\n<div class=\"wp-block-columns\">\n<div class=\"wp-block-column\">\n<figure class=\"wp-block-gallery columns-1 is-cropped\"><ul class=\"blocks-gallery-grid\"><li class=\"blocks-gallery-item\"><figure><img loading=\"lazy\" width=\"767\" height=\"767\" src=\"https:\/\/inoacmty.info\/wp-content\/uploads\/2025\/06\/VACACIONES.png\" alt=\"\" data-id=\"5327\" data-full-url=\"https:\/\/inoacmty.info\/wp-content\/uploads\/2025\/06\/VACACIONES.png\" data-link=\"https:\/\/inoacmty.info\/?attachment_id=5327\" class=\"wp-image-5327\" srcset=\"https:\/\/inoacmty.info\/wp-content\/uploads\/2025\/06\/VACACIONES.png 767w, https:\/\/inoacmty.info\/wp-content\/uploads\/2025\/06\/VACACIONES-300x300.png 300w, https:\/\/inoacmty.info\/wp-content\/uploads\/2025\/06\/VACACIONES-150x150.png 150w, https:\/\/inoacmty.info\/wp-content\/uploads\/2025\/06\/VACACIONES-100x100.png 100w\" sizes=\"(max-width: 706px) 89vw, (max-width: 767px) 82vw, 740px\" \/><\/figure><\/li><\/ul><\/figure>\n\n\n\n<p class=\"has-text-align-center has-normal-font-size\"><strong>\u00bfListo para tus vacaciones?<\/strong><\/p>\n\n\n\n<p class=\"has-text-align-center has-small-font-size\">Recuerda que debes programar tus vacaciones antes de tomarlas. Ingresa aqu\u00ed para registrar tu solicitud.&nbsp;<\/p>\n\n\n\n<div class=\"wp-block-buttons is-content-justification-center\">\n<div class=\"wp-block-button is-style-outline\"><a class=\"wp-block-button__link has-white-color has-text-color has-background\" href=\"https:\/\/inoacmty.info\/index.php\/solicitud-de-vacaciones-2\/\" style=\"border-radius:50px;background:linear-gradient(135deg,rgb(0,64,255) 0%,rgb(233,252,39) 100%)\" target=\"_blank\" rel=\"noreferrer noopener\">Solicitar vacaciones<\/a><\/div>\n<\/div>\n<\/div>\n\n\n\n<div class=\"wp-block-column\">\n<figure class=\"wp-block-gallery columns-1 is-cropped\"><ul class=\"blocks-gallery-grid\"><li class=\"blocks-gallery-item\"><figure><img loading=\"lazy\" width=\"861\" height=\"771\" src=\"https:\/\/inoacmty.info\/wp-content\/uploads\/2025\/06\/pase-de-entrada-y-salida.png\" alt=\"\" data-id=\"5328\" data-full-url=\"https:\/\/inoacmty.info\/wp-content\/uploads\/2025\/06\/pase-de-entrada-y-salida.png\" data-link=\"https:\/\/inoacmty.info\/?attachment_id=5328\" class=\"wp-image-5328\" srcset=\"https:\/\/inoacmty.info\/wp-content\/uploads\/2025\/06\/pase-de-entrada-y-salida.png 861w, https:\/\/inoacmty.info\/wp-content\/uploads\/2025\/06\/pase-de-entrada-y-salida-300x269.png 300w, https:\/\/inoacmty.info\/wp-content\/uploads\/2025\/06\/pase-de-entrada-y-salida-768x688.png 768w\" sizes=\"(max-width: 706px) 89vw, (max-width: 767px) 82vw, 740px\" \/><\/figure><\/li><\/ul><\/figure>\n\n\n\n<p class=\"has-text-align-center has-normal-font-size\"><strong>Pase de entrada o salida<\/strong><\/p>\n\n\n\n<p class=\"has-text-align-center has-small-font-size\">En caso de llegar tarde o salir antes, aseg\u00farate de registrar tu hora de entrada y salida aqu\u00ed.<\/p>\n\n\n\n<div class=\"wp-block-buttons is-content-justification-center\">\n<div class=\"wp-block-button is-style-outline\"><a class=\"wp-block-button__link has-white-color has-text-color has-background\" href=\"https:\/\/inoacmty.info\/index.php\/pase-de-entrada-o-salida\/\" style=\"background:linear-gradient(135deg,rgb(7,32,255) 0%,rgb(252,233,39) 100%)\" target=\"_blank\" rel=\"noreferrer noopener\">Haz clic aqu\u00ed<\/a><\/div>\n<\/div>\n<\/div>\n\n\n\n<div class=\"wp-block-column\">\n<figure class=\"wp-block-gallery columns-1 is-cropped\"><ul class=\"blocks-gallery-grid\"><li class=\"blocks-gallery-item\"><figure><img loading=\"lazy\" width=\"875\" height=\"622\" src=\"https:\/\/inoacmty.info\/wp-content\/uploads\/2025\/06\/incidente-de-tardo.png\" alt=\"\" data-id=\"5329\" data-full-url=\"https:\/\/inoacmty.info\/wp-content\/uploads\/2025\/06\/incidente-de-tardo.png\" data-link=\"https:\/\/inoacmty.info\/?attachment_id=5329\" class=\"wp-image-5329\" srcset=\"https:\/\/inoacmty.info\/wp-content\/uploads\/2025\/06\/incidente-de-tardo.png 875w, https:\/\/inoacmty.info\/wp-content\/uploads\/2025\/06\/incidente-de-tardo-300x213.png 300w, https:\/\/inoacmty.info\/wp-content\/uploads\/2025\/06\/incidente-de-tardo-768x546.png 768w\" sizes=\"(max-width: 706px) 89vw, (max-width: 767px) 82vw, 740px\" \/><\/figure><\/li><\/ul><\/figure>\n\n\n\n<p class=\"has-text-align-center\"><strong>Incidente de retardo<\/strong><\/p>\n\n\n\n<p class=\"has-text-align-center has-small-font-size\">Si hubo un retraso por transporte o un olvido de gafete, reg\u00edstralo aqu\u00ed para asegurarse de que no afecte su participaci\u00f3n en los premios.&nbsp;<\/p>\n\n\n\n<div class=\"wp-block-buttons is-content-justification-center\">\n<div class=\"wp-block-button is-style-outline\"><a class=\"wp-block-button__link has-white-color has-text-color has-background\" href=\"https:\/\/forms.office.com\/pages\/responsepage.aspx?id=ZbuB1o82QUqPyICGrbnxkU7Mj3AVBYBJo8o0_uld5XxUQjhXSUxCVEtCNVdEU1ZQWTNMT1U5MVI1Ui4u&amp;route=shorturl\" style=\"border-radius:50px;background:linear-gradient(135deg,rgb(11,47,228) 0%,rgb(245,252,39) 94%)\" target=\"_blank\" rel=\"noreferrer noopener\">Registrar incidente<\/a><\/div>\n<\/div>\n<\/div>\n<\/div>\n\n\n\n<hr class=\"wp-block-separator is-style-wide\"\/>\n\n\n\n<h2 class=\"has-text-align-center\">\ud83d\udcda <strong>Capacitaci\u00f3n del mes <\/strong><\/h2>\n\n\n\n<p>Aqu\u00ed encontrar\u00e1s el <strong>video y el examen<\/strong> del entrenamiento de este mes. Esto forma parte de nuestro crecimiento y compromiso como equipo \u2705<\/p>\n\n\n\n<div class=\"wp-block-columns\">\n<div class=\"wp-block-column\" style=\"flex-basis:66.66%\">\n<figure class=\"wp-block-video aligncenter\"><video controls src=\"https:\/\/inoacmty.info\/wp-content\/uploads\/2026\/04\/SHC-0021-REFORZAMIENTO-DE-EPP-RV.-2.mp4\"><\/video><figcaption><strong><a href=\"https:\/\/forms.cloud.microsoft\/Pages\/ResponsePage.aspx?id=ZbuB1o82QUqPyICGrbnxkdopyUqYpa1HnlIyEuo0HspUQURNWDcwRUJIQU1VVjNUMVkzU1dDOEswUi4u\" data-type=\"URL\" data-id=\"https:\/\/forms.cloud.microsoft\/Pages\/ResponsePage.aspx?id=ZbuB1o82QUqPyICGrbnxkdopyUqYpa1HnlIyEuo0HspUQURNWDcwRUJIQU1VVjNUMVkzU1dDOEswUi4u\">SHC-0021 REFORZAMIENTO DE EPP Rev. 2<\/a><\/strong><\/figcaption><\/figure>\n<\/div>\n\n\n\n<div class=\"wp-block-column\" style=\"flex-basis:33.33%\">\n<figure class=\"wp-block-gallery columns-1 is-cropped\"><ul class=\"blocks-gallery-grid\"><li class=\"blocks-gallery-item\"><figure><img loading=\"lazy\" width=\"755\" height=\"557\" src=\"https:\/\/inoacmty.info\/wp-content\/uploads\/2025\/08\/capacitacion-1.png\" alt=\"\" data-id=\"5572\" data-full-url=\"https:\/\/inoacmty.info\/wp-content\/uploads\/2025\/08\/capacitacion-1.png\" data-link=\"https:\/\/inoacmty.info\/index.php\/recursos-humanos\/capacitacion-1\/\" class=\"wp-image-5572\" srcset=\"https:\/\/inoacmty.info\/wp-content\/uploads\/2025\/08\/capacitacion-1.png 755w, https:\/\/inoacmty.info\/wp-content\/uploads\/2025\/08\/capacitacion-1-300x221.png 300w\" sizes=\"(max-width: 706px) 89vw, (max-width: 767px) 82vw, 740px\" \/><\/figure><\/li><\/ul><\/figure>\n\n\n\n<p class=\"has-text-align-center\">\ud83d\udcdd Da clic en el bot\u00f3n para responder el examen:<\/p>\n\n\n\n<div class=\"wp-block-buttons is-content-justification-center\">\n<div class=\"wp-block-button has-custom-font-size is-style-fill has-small-font-size\"><a class=\"wp-block-button__link has-background\" href=\"https:\/\/forms.cloud.microsoft\/Pages\/ResponsePage.aspx?id=ZbuB1o82QUqPyICGrbnxkdopyUqYpa1HnlIyEuo0HspUQURNWDcwRUJIQU1VVjNUMVkzU1dDOEswUi4u\" style=\"background:linear-gradient(135deg,rgb(2,3,129) 0%,rgb(226,252,39) 100%)\" target=\"_blank\" rel=\"noreferrer noopener\">\ud83d\udc49 Ir al examen  \ud83d\udc48<\/a><\/div>\n<\/div>\n<\/div>\n<\/div>\n\n\n\n<hr class=\"wp-block-separator is-style-wide\"\/>\n\n\n\n<p class=\"has-text-align-center has-medium-font-size\"><strong>Tu opini\u00f3n es importante para nosotros.<\/strong><\/p>\n\n\n\n<div class=\"wp-block-columns\">\n<div class=\"wp-block-column\" style=\"flex-basis:33.33%\">\n<figure class=\"wp-block-gallery columns-1 is-cropped\"><ul class=\"blocks-gallery-grid\"><li class=\"blocks-gallery-item\"><figure><img loading=\"lazy\" width=\"1024\" height=\"683\" src=\"https:\/\/inoacmty.info\/wp-content\/uploads\/2025\/06\/queja-y-sugerencia-1024x683.jpg\" alt=\"\" data-id=\"5331\" data-full-url=\"https:\/\/inoacmty.info\/wp-content\/uploads\/2025\/06\/queja-y-sugerencia.jpg\" data-link=\"https:\/\/inoacmty.info\/?attachment_id=5331\" class=\"wp-image-5331\" srcset=\"https:\/\/inoacmty.info\/wp-content\/uploads\/2025\/06\/queja-y-sugerencia-1024x683.jpg 1024w, https:\/\/inoacmty.info\/wp-content\/uploads\/2025\/06\/queja-y-sugerencia-300x200.jpg 300w, https:\/\/inoacmty.info\/wp-content\/uploads\/2025\/06\/queja-y-sugerencia-768x512.jpg 768w, https:\/\/inoacmty.info\/wp-content\/uploads\/2025\/06\/queja-y-sugerencia.jpg 1500w\" sizes=\"(max-width: 706px) 89vw, (max-width: 767px) 82vw, 740px\" \/><\/figure><\/li><\/ul><\/figure>\n<\/div>\n\n\n\n<div class=\"wp-block-column\" style=\"flex-basis:66.66%\">\n<p>Haznos saber tu opini\u00f3n para mejorar nuestro ambiente de trabajo. Registra tu queja o sugerencia aqu\u00ed.&nbsp;<\/p>\n\n\n\n<div class=\"wp-block-buttons is-content-justification-center\">\n<div class=\"wp-block-button is-style-outline\"><a class=\"wp-block-button__link has-white-color has-text-color has-background\" href=\"https:\/\/forms.office.com\/pages\/responsepage.aspx?id=ZbuB1o82QUqPyICGrbnxkdopyUqYpa1HnlIyEuo0HspUMEpNWVFYVTc2SEdMQlFPUDJGRjNFUU5GUCQlQCNjPTEu&amp;route=shorturl\" style=\"background:linear-gradient(135deg,rgb(7,7,244) 0%,rgb(252,252,39) 100%)\" target=\"_blank\" rel=\"noreferrer noopener\">Enviar sugerencia\/ queja<\/a><\/div>\n<\/div>\n<\/div>\n<\/div>\n\n\n\n<hr class=\"wp-block-separator is-style-wide\"\/>\n\n\n\n<div class=\"wp-block-columns\">\n<div class=\"wp-block-column\">\n<p class=\"has-text-align-center\"><strong>Ruta perif\u00e9rica:<\/strong><\/p>\n\n\n\n<div class=\"wp-block-file\"><object class=\"wp-block-file__embed\" data=\"https:\/\/inoacmty.info\/wp-content\/uploads\/2025\/11\/PERIFERICAS-INOAC-V3-24.11.25.pdf\" type=\"application\/pdf\" style=\"width:100%;height:220px\" aria-label=\"Incrustado de PERIFERICAS-INOAC.\"><\/object><a href=\"https:\/\/inoacmty.info\/wp-content\/uploads\/2025\/11\/PERIFERICAS-INOAC-V3-24.11.25.pdf\">PERIFERICAS-INOAC<\/a><a href=\"https:\/\/inoacmty.info\/wp-content\/uploads\/2025\/11\/PERIFERICAS-INOAC-V3-24.11.25.pdf\" class=\"wp-block-file__button\" download>Descarga<\/a><\/div>\n<\/div>\n\n\n\n<div class=\"wp-block-column\">\n<p class=\"has-text-align-center\"><strong>Ruta:<\/strong><\/p>\n\n\n\n<div class=\"wp-block-file\"><object class=\"wp-block-file__embed\" data=\"https:\/\/inoacmty.info\/wp-content\/uploads\/2025\/10\/INOAC-10.09.25-V19.pdf\" type=\"application\/pdf\" style=\"width:100%;height:220px\" aria-label=\"Incrustado de INOAC.\"><\/object><a href=\"https:\/\/inoacmty.info\/wp-content\/uploads\/2025\/10\/INOAC-10.09.25-V19.pdf\">INOAC<\/a><a href=\"https:\/\/inoacmty.info\/wp-content\/uploads\/2025\/10\/INOAC-10.09.25-V19.pdf\" class=\"wp-block-file__button\" download>Descarga<\/a><\/div>\n<\/div>\n<\/div>\n\n\n\n<div class=\"wp-block-columns\">\n<div class=\"wp-block-column\" style=\"flex-basis:33.33%\">\n<figure class=\"wp-block-gallery columns-1 is-cropped\"><ul class=\"blocks-gallery-grid\"><li class=\"blocks-gallery-item\"><figure><img loading=\"lazy\" width=\"474\" height=\"226\" src=\"https:\/\/inoacmty.info\/wp-content\/uploads\/2025\/06\/transportes.jpeg\" alt=\"\" data-id=\"5334\" data-full-url=\"https:\/\/inoacmty.info\/wp-content\/uploads\/2025\/06\/transportes.jpeg\" data-link=\"https:\/\/inoacmty.info\/?attachment_id=5334\" class=\"wp-image-5334\" srcset=\"https:\/\/inoacmty.info\/wp-content\/uploads\/2025\/06\/transportes.jpeg 474w, https:\/\/inoacmty.info\/wp-content\/uploads\/2025\/06\/transportes-300x143.jpeg 300w\" sizes=\"(max-width: 474px) 100vw, 474px\" \/><\/figure><\/li><\/ul><\/figure>\n\n\n\n<div class=\"wp-block-buttons is-content-justification-center\">\n<div class=\"wp-block-button is-style-outline\"><a class=\"wp-block-button__link has-white-color has-text-color has-background\" href=\"https:\/\/forms.office.com\/pages\/responsepage.aspx?id=ZbuB1o82QUqPyICGrbnxkRENb83TgzlMqyd-D-uOk6FUNkpYM1FWWTBIUjVOODRBUFRYSFhMOUJTVy4u&amp;route=shorturl\" style=\"background:linear-gradient(135deg,rgb(5,5,254) 0%,rgb(239,252,39) 100%)\" target=\"_blank\" rel=\"noreferrer noopener\">Informar problema<\/a><\/div>\n<\/div>\n<\/div>\n\n\n\n<div class=\"wp-block-column is-vertically-aligned-top\" style=\"flex-basis:66.66%\">\n<p class=\"has-text-align-center\"><strong>Reporte de transporte <\/strong><\/p>\n\n\n\n<hr class=\"wp-block-separator is-style-dots\"\/>\n\n\n\n<p class=\"has-text-align-center\">Si experimentaste alg\u00fan problema, por favor comp\u00e1rtenos los detalles. Nos ayudar\u00e1 a mejorar y brindarte un mejor servicio.<br>Para dudas o comentarios, puedes enviarnos un mensaje por WhatsApp al:&nbsp;<strong>811 778 2180<\/strong>.<\/p>\n<\/div>\n<\/div>\n\n\n\n<div class=\"wp-block-columns\">\n<div class=\"wp-block-column\" style=\"flex-basis:66.66%\">\n<p><\/p>\n\n\n\n<p class=\"has-text-align-center\"><strong><a href=\"https:\/\/forms.cloud.microsoft\/Pages\/ResponsePage.aspx?id=ZbuB1o82QUqPyICGrbnxkdopyUqYpa1HnlIyEuo0HspUN1ZQUzQ2QUZXV1dDQUpWUDVSTUtZRzBMTyQlQCNjPTEu\" data-type=\"URL\" data-id=\"https:\/\/forms.cloud.microsoft\/Pages\/ResponsePage.aspx?id=ZbuB1o82QUqPyICGrbnxkdopyUqYpa1HnlIyEuo0HspUN1ZQUzQ2QUZXV1dDQUpWUDVSTUtZRzBMTyQlQCNjPTEu\" target=\"_blank\" rel=\"noreferrer noopener\">Salida tarde de transporte <\/a><\/strong><\/p>\n\n\n\n<p class=\"has-text-align-center\">En caso de que la llegada de tu transporte de salida <strong>exceda los 30 minutos<\/strong>, reg\u00edstrate en este enlace para procesar el pago de tu tiempo extra.<\/p>\n\n\n\n<div class=\"wp-block-group\"><div class=\"wp-block-group__inner-container\">\n<div class=\"wp-block-buttons is-content-justification-center\">\n<div class=\"wp-block-button is-style-fill\"><a class=\"wp-block-button__link has-white-color has-text-color has-background\" href=\"https:\/\/forms.cloud.microsoft\/Pages\/ResponsePage.aspx?id=ZbuB1o82QUqPyICGrbnxkdopyUqYpa1HnlIyEuo0HspUN1ZQUzQ2QUZXV1dDQUpWUDVSTUtZRzBMTyQlQCNjPTEu\" style=\"background:linear-gradient(135deg,rgb(2,3,129) 0%,rgb(16,85,204) 0%,rgb(129,163,0) 66%,rgb(231,238,25) 100%)\" target=\"_blank\" rel=\"noreferrer noopener\">Registrar Salida tarde <\/a><\/div>\n<\/div>\n<\/div><\/div>\n\n\n\n<div class=\"wp-block-buttons\"><\/div>\n<\/div>\n\n\n\n<div class=\"wp-block-column\" style=\"flex-basis:33.33%\">\n<figure class=\"wp-block-image size-full is-resized\"><img loading=\"lazy\" src=\"https:\/\/inoacmty.info\/wp-content\/uploads\/2025\/12\/IMAGEN-TIEMPO-EXTRA.jpg\" alt=\"\" class=\"wp-image-5927\" width=\"215\" height=\"169\" srcset=\"https:\/\/inoacmty.info\/wp-content\/uploads\/2025\/12\/IMAGEN-TIEMPO-EXTRA.jpg 532w, https:\/\/inoacmty.info\/wp-content\/uploads\/2025\/12\/IMAGEN-TIEMPO-EXTRA-300x236.jpg 300w\" sizes=\"(max-width: 215px) 100vw, 215px\" \/><\/figure>\n<\/div>\n<\/div>\n","protected":false},"excerpt":{"rendered":"<p>A continuaci\u00f3n, se presenta una serie de registros que permitir\u00e1n al personal acceder de manera r\u00e1pida y centralizada a la informaci\u00f3n que pueda necesitar. Portal del empleado Accede a tus recibos de n\u00f3mina, vacaciones, tiempo extra y m\u00e1s. Recibos de n\u00f3mina Si tu correo ha cambiado, aseg\u00farate de actualizarlo para seguir recibiendo tus recibos de &hellip; <\/p>\n<p class=\"link-more\"><a href=\"https:\/\/inoacmty.info\/index.php\/recursos-humanos\/\" class=\"more-link\">Continuar leyendo<span class=\"screen-reader-text\"> \u00abRecursos Humanos\u00bb<\/span><\/a><\/p>\n","protected":false},"author":8,"featured_media":0,"parent":0,"menu_order":0,"comment_status":"closed","ping_status":"closed","template":"","meta":[],"_links":{"self":[{"href":"https:\/\/inoacmty.info\/index.php\/wp-json\/wp\/v2\/pages\/4467"}],"collection":[{"href":"https:\/\/inoacmty.info\/index.php\/wp-json\/wp\/v2\/pages"}],"about":[{"href":"https:\/\/inoacmty.info\/index.php\/wp-json\/wp\/v2\/types\/page"}],"author":[{"embeddable":true,"href":"https:\/\/inoacmty.info\/index.php\/wp-json\/wp\/v2\/users\/8"}],"replies":[{"embeddable":true,"href":"https:\/\/inoacmty.info\/index.php\/wp-json\/wp\/v2\/comments?post=4467"}],"version-history":[{"count":36,"href":"https:\/\/inoacmty.info\/index.php\/wp-json\/wp\/v2\/pages\/4467\/revisions"}],"predecessor-version":[{"id":6508,"href":"https:\/\/inoacmty.info\/index.php\/wp-json\/wp\/v2\/pages\/4467\/revisions\/6508"}],"wp:attachment":[{"href":"https:\/\/inoacmty.info\/index.php\/wp-json\/wp\/v2\/media?parent=4467"}],"curies":[{"name":"wp","href":"https:\/\/api.w.org\/{rel}","templated":true}]}}